lse
Let y be 7/(-4) + 1 + 78/104. Suppose 3*o + 0*a - 651 = 2*a, 4*a = y. Is o a prime number?
False
Suppose -6 = 2*s - 4*s, 2*s - 237135 = -3*g. Is g composite?
False
Is (-7)/(-14)*9670 + -4 a prime number?
True
Let x = 2 + 0. Let m = x - 0. Suppose -t - 3*y = -154, -2*y = -m*t + 2*y + 338. Is t a prime number?
True
Suppose 0 = -3*u + 7*u - 16. Suppose 0 = u*n - 658 - 106. Is n a prime number?
True
Let y(j) = -13*j + 7. Let d be y(13). Let s be 4*4/(-8) - d. Suppose 5*c = -50 + s. Is c a prime number?
False
Let p(u) = 2*u**3 + 6*u**2 + u + 7499. Is p(0) prime?
True
Let z = 16 + -21. Let p(x) = 33*x**2 + 8*x - 6. Is p(z) a composite number?
True
Let z = 60 - 55. Suppose 3613 + 495 = r + f, -z*r = f - 20544. Is r composite?
True
Suppose 5*k + h + 1832 = -938, 0 = -3*k - 3*h - 1674. Let m = 412 - k. Is m a prime number?
False
Is 9212/8 - 12/24 a composite number?
False
Let y(p) = -3*p**2 + 12*p - 4. Let s be y(4). Let i(v) = -7*v**3 - 4*v**2 + 10*v + 3. Is i(s) prime?
True
Let i(k) = 331*k**2 + k + 1. Let a = -2 - -1. Is i(a) a prime number?
True
Let i = 762 - 191. Let t = -274 + i. Let u = t + 100. Is u a composite number?
False
Is ((-238161)/(-154))/((-3)/(-4)) prime?
False
Suppose 16*w - 98862 = 10*w. Is w prime?
True
Is (-31)/(2/8 + (-14)/24) a prime number?
False
Let a = -1 + 4. Let d be 9 - (-2)/(8/(-44)). Is d/3 + 953/a a prime number?
True
Let u = 14 + -11. Suppose 0 = -y - u*i + 38, y - 19 = -i + 27. Suppose 3*s + 11 = y. Is s a prime number?
True
Let q = 134 - 64. Let v be 8210/q - (-4)/(-14). Suppose v + 469 = 2*z. Is z composite?
False
Let p = 4224 + -1132. Suppose 922 = 9*z - p. Is z composite?
True
Let n = 911 - 170. Let t = 1630 - n. Is t a composite number?
True
Suppose -50 + 626 = -4*m. Suppose -43 = 2*z + 103. Let f = z - m. Is f a composite number?
False
Suppose 2*y + 3*k = 9566, 8*k - 5*k + 14349 = 3*y. Is y a prime number?
True
Let a(o) = 2721*o**3 + o**2 - 1. Let z(i) = 2*i + 7. Let f be z(-3). Let s be a(f). Suppose m = -2*m + s. Is m a composite number?
False
Let t = 15 + -12. Let y(o) = 0 + 2*o**2 + 0 + 160*o**3 + 2 - t. Is y(1) prime?
False
Suppose 0 = -3*g + g + 6. Let s be 235/g - (-8)/12. Suppose 0 = 2*o - o - s. Is o prime?
True
Let a = -270 + 401. Is a composite?
False
Let r(z) = 54*z**2 - 2*z - 34. Is r(14) a prime number?
False
Let x = 1 - -2. Let j(s) = 7*s + 0*s + 14*s - 4. Is j(x) a prime number?
True
Let o be 4354 + 2/1*6/12. Suppose 24*s - 19*s = o. Is s a prime number?
False
Suppose 80 = 4*d + d. Let c = -14 + d. Suppose 199 = c*b - b. Is b a prime number?
True
Let x be ((-330)/24)/(3/24). Let n = -64 - x. Is n a composite number?
True
Suppose -4*i + 3761 = w, -w + 2242 - 363 = 2*i. Let z = i - 88. Is z a prime number?
True
Suppose 19*j - 322602 = 13*j. Is j prime?
False
Let b(s) = -1267*s - 8. Is b(-1) a composite number?
False
Let g be 0/2 - 54/6. Let w = g + 14. Suppose -w*h + h - 3*o + 192 = 0, 212 = 4*h - 2*o. Is h a composite number?
True
Suppose 8999 = -7*x + 8*x + 2*m, -3*x + 5*m + 26997 = 0. Is x composite?
False
Let f be -5 - ((-24)/2)/6. Is (-3)/((-4)/(-1324)*f) a composite number?
False
Let d = 12959 - 3622. Is d a composite number?
False
Suppose 4*k + 18 = 5*v, v + 2*k + 3*k = -8. Let l be (1 - 0 - -3) + -2. Suppose 0 = v*a + l*a - 844. Is a composite?
False
Suppose -211*c + 205*c = -36510. Is c a prime number?
False
Suppose -3*f = 4*a - 45, a - 21 = -3*a + 5*f. Let q(v) = -8*v + 3. Let i be q(-4). Suppose a*j = 4*j + i. Is j a composite number?
False
Let w(t) = -5*t**3 + t**2 - 8*t - 13. Let v(f) = 11*f**3 - 3*f**2 + 17*f + 26. Let x(i) = 4*v(i) + 9*w(i). Is x(-7) a composite number?
False
Let w = -862 + 864. Let x(q) = q**2 + 2*q - 3. Let h be x(-3). Suppose -w*c = j + 15 - 91, j + 2 = h. Is c composite?
True
Let x = 1851 - 1048. Is x composite?
True
Let a be 3 + -4 - (-4 + 0). Suppose 5*s = 2*k - 72 - 766, 3*k = a*s + 1239. Is k composite?
False
Suppose 5*p + 19*u - 16*u - 44521 = 0, 0 = 3*p + u - 26711. Is p composite?
True
Let k(z) = 21502*z**2 + 11*z - 4. Is k(1) a prime number?
False
Suppose 19555 = 18*o - 40655. Suppose 9*t = o + 4953. Is t composite?
True
Let p(k) = -4*k - 28. Let v be p(-23). Suppose -3*n - v = -349. Is n a prime number?
False
Let w(o) = -4*o**3 - 9*o - 19. Is w(-8) a composite number?
True
Let p(w) = -6 - 8*w + 6*w**2 - 20*w**2 - w**3 + 9*w**2. Let q(k) = k**3 - 12*k**2 + 11*k - 5. Let z be q(11). Is p(z) a prime number?
False
Let y(x) = 3*x + 11399. Is y(0) a composite number?
False
Let o(k) = -k - 1. Let z be o(5). Let i(v) = v**2 + 7*v + 4. Let r be i(z). Is r/((-63)/(-33) - 2) a composite number?
True
Let z be 2/(-8)*2*-10. Let w(v) = -185*v - 63. Let k be w(-15). Suppose 2*b - 2*n = -2*b + k, z*b = 5*n + 3385. Is b a composite number?
True
Suppose w + 3*z - 1264 = 0, 0 = w + w + 3*z - 2519. Suppose -12*a = -7*a - w. Is a a prime number?
True
Let t = 260 + -712. Let r = 1099 + t. Is r prime?
True
Let o = 709 + -450. Is o prime?
False
Suppose -130*c = -136*c + 6294. Is c prime?
True
Suppose -18*h + 17*h + 1 = 0. Suppose -3*d = -h - 8. Suppose 4*a - 573 = d*w, -2*a = 4*w - 2*w - 276. Is a a prime number?
False
Suppose 0 = 7*a - 6*a - 9923. Is a a prime number?
True
Is (29/(-58))/((-3)/19758) a composite number?
True
Let w(d) = -d**2 + 7*d - 4. Let g be w(6). Suppose -2039 = -y - g*y + 2*a, y = -2*a + 677. Is y prime?
False
Let v(o) = -5*o + 1. Let u be v(1). Let b be (4 - -2) + u + 7. Is -62*(b/(-6) + -1) a composite number?
True
Let m = 5732 - 2684. Let b = -1947 + m. Suppose -10*c + 7*c = -b. Is c a composite number?
False
Let j(l) be the third derivative of -169*l**4/24 + 7*l**3/3 - l**2. Let c be j(-6). Suppose -o - 3*o = p - 1028, -5*p + c = 4*o. Is o prime?
True
Suppose z = 2*z + 5*t, z = -2*t. Suppose z*w - 9 = -w. Let i(h) = 13*h + 2. Is i(w) a composite number?
True
Let b(j) = 11823*j - 46. Is b(1) prime?
True
Let k = -29 - -33. Suppose k*l + u - 1823 = -338, -l - 5*u + 395 = 0. Is l/5 + 5 + -2 a composite number?
True
Let z be 7002/42 + 6/21. Is (-1)/((-502)/z + 3) composite?
False
Let k be (-7)/(-21) + (-4)/(-6). Let s be k*(-1 + -3 + 8). Suppose 0 = -s*c + 20, 3*g + 424 = 4*c + 3305. Is g a composite number?
False
Suppose -182*u + 189*u - 3311 = 0. Is u a composite number?
True
Let z = -1040 + 1577. Is z prime?
False
Let h = -6 + 13. Let r(k) = -5 - 5*k - 10*k**3 + h + 10*k. Is r(-3) a prime number?
True
Let d = -82410 + 116429. Is d a prime number?
True
Let o(m) = -140*m - 33. Is o(-8) prime?
True
Let b = -10 + -187. Let g = 329 + b. Is (14/8)/(3/g) prime?
False
Suppose 4*l + k - 19681 - 21362 = 0, -5*k + 20517 = 2*l. Is l a composite number?
True
Suppose -4*g - g = -15. Is (g + -3)/1 - (-62 - -3) prime?
True
Suppose -n - 12 = -3*n. Let v(z) = z**3 - 7*z**2 + 7*z - 4. Let u be v(n). Is (-3)/u*(-4 - 0) prime?
False
Let u(x) = -5901*x - 322. Is u(-11) a prime number?
False
Let g(d) = -1619*d - 465. Is g(-28) prime?
True
Suppose 2*v = 1 + 5. Let f(i) = -3*i**2 + 3*i + 2. Let s be f(v). Let p = 7 - s. Is p prime?
True
Let x = -19 - -6. Is (-3484)/x - (0 - -1) a prime number?
False
Let p(z) = 267*z + 37*z + 217*z - 1 + 0. Let f be p(1). Suppose -5*i = -745 - f. Is i composite?
True
Let v(j) = -4*j**3 - 39*j**2 + 13*j - 23. Is v(-18) composite?
True
Let q(l) = l**2 - 12*l + 5. Let h = 26 + -13. Let f be q(h). Suppose -4*m + f = s - 32, -2*s = 3*m - 35. Is m a prime number?
True
Suppose 5*b + 4*i + 30 + 29 = 0, -3*b = 2*i + 35. Let y(l) = -139*l - 13. Let o be y(b). Suppose -12*t + 8*t = -o. Is t a prime number?
True
Suppose 13*r - 3*f + 450326 = 18*r, 0 = -3*r - 3*f + 270192. Is r composite?
False
Suppose i = 4*z - 0*z + 1229, 4916 = 4*i + 4*z. Let m = i - 850. Is m a prime number?
True
Is (1 - 2)*(-18415 + 9 + -13) prime?
False
Suppose 7*a + 57 = 8*a. Let c = -31 + a. Let q = 7 + c. Is q prime?
False
Let f = -17 - -21. Suppose f*a - 42 + 14 = 0. Is a a composite number?
False
Let g = 3021 - 1520. Is g a composite number?
True
Let x be 183/21 - (-16)/56. Suppose 11*k - 8*k - 8805 = 0. Suppose -4*n = -x*n + k. Is n a composite number?
False
Suppose -6*c + 13 = 1. Suppose 3*b - c*b - 791 = 0. Is b composite?
True
Suppose -3*h + 90978 = 3*g, 5*g - 90233 = h + 61415. Is g a composite number?
True
Let k(j) = -4*j**2 + 3*j - 4. Suppose 7*b - 4*b - 15 = 0. Let